-c**2 - 14*c - 9. Let i be q(-13). Suppose 0*v - 34 = -i*v - 2*y, -y - 38 = -3*v. Calculate the remainder when 20 is divided by v.
9
Let y = 908 - 708. Calculate the remainder when y is divided by 29.
26
Suppose -2*z - 3 - 3 = 0. Let o be (0 - (-2 + z)) + 1. Suppose 5*d = -r - o, -6*d = r - 2*d + 2. Calculate the remainder when r is divided by 4.
2
Suppose 6*x - w - 4*w = 386, 2*w + 8 = 0. What is the remainder when 729 is divided by x?
58
Suppose 2502 = 8*i + 910. Calculate the remainder when i is divided by 106.
93
Suppose 3*q - 5*i = 42, -4*q + 2*i - 7 = -63. Let w(p) = -3*p + 0*p + 0 + 6 - 4*p. What is the remainder when w(-7) is divided by q?
13
Suppose 10*v - 14*v - 2*h + 1180 = 0, 5*h + 1194 = 4*v. Calculate the remainder when v is divided by 101.
94
Let u = -8 - -11. Let k be (-2)/u - 340/(-6). Suppose -4*w + 14 - k = -2*l, 3*l = -4*w + 53. Calculate the remainder when l is divided by 7.
5
Let v = 26 - -5. Let c be 8/44 - 106/(-22). Suppose -4*m + 40 = 2*w, 0*m = -c*m + 10. Calculate the remainder when v is divided by w.
15
Let x(k) = -k**3 + 14*k**2 + 12*k + 84. What is the remainder when 738 is divided by x(15)?
36
Let i(b) = -4*b - 45. Let a be i(-13). Suppose 22 = g + a. Calculate the remainder when 117 is divided by g.
12
Let h = 459 - 457. What is the remainder when 13 is divided by h?
1
Let t(m) = 2*m**2 + 50*m - 288. What is the remainder when t(-30) is divided by 4?
0
Let b(a) = -16*a - 2*a + 0*a**2 + 5*a + 17 - a**2. What is the remainder when 50 is divided by b(-13)?
16
Let p(z) = 61*z**2 + 2*z. Let h be p(-2). Suppose 7*c = -c + h. What is the remainder when c is divided by 8?
6
Let u(d) = -13*d - 38. Let r be u(-13). Suppose 2*i = -79 + r. Calculate the remainder when i is divided by 9.
8
Let y(t) = 7*t**3 + 5*t + 7. Let k(m) = 20*m**3 + 14*m + 20. Let c(v) = 6*k(v) - 17*y(v). Calculate the remainder when 16 is divided by c(2).
2
Let n = 380 - 353. Calculate the remainder when 50 is divided by n.
23
Suppose -4*f - u = 2*u - 41, 3*f - 15 = 3*u. What is the remainder when 109 is divided by f?
5
Let s(g) = 15*g + 8. Let h be s(3). Let a(o) = 24*o - 3. Let f be a(4). Let w = f - h. Calculate the remainder when w is divided by 21.
19
Suppose 1 = -b + 6. Suppose -2*d + b*l - 12 = -36, 4*l = -8. Suppose -3*s + 3*g + 85 = 4*g, 47 = s + 5*g. Calculate the remainder when s is divided by d.
6
Let g(n) = -n**3 - 2*n**2 + 3*n. Let c be (12/(-8))/(9/24). Let o be g(c). Calculate the remainder when 72 is divided by o*1 - -3 - -2.
22
Let h(g) = -g**2 + g + 10. Let o(v) = 8*v - 5*v - 4*v. Let r(n) = -h(n) - 6*o(n). What is the remainder when 49 is divided by r(-9)?
23
Let m be 32/5*(-10)/(-4). Suppose m = -4*c, 2*u + 4*c = -2*u + 36. Calculate the remainder when 21 is divided by u.
8
Calculate the remainder when 855/10*24/9 is divided by 73.
9
Suppose 2*p - 2*d - 105 = 477, 5*p - d = 1455. What is the remainder when p is divided by 38?
25
Let v(q) = -q + 6. Let n be v(3). Suppose n*l - 7*l = 5*a - 11, 0 = 5*l + 5. Suppose a = t - 56. Calculate the remainder when t is divided by 15.
14
Let f(l) = l + 15. Let y be f(-10). Suppose y*q + 186 = 721. Calculate the remainder when q is divided by 28.
23
Suppose -4*n + 2*n = -n. Suppose -5*q = -5*h - 16 - 49, n = -5*q - 2*h + 65. What is the remainder when 50 is divided by q?
11
Let m(v) = 10*v - 8. Calculate the remainder when m(6) is divided by ((-1)/(-3))/(6/324).
16
Let d(b) = 0*b**2 + b**2 - 4*b - 5 + 3 + 0*b. Let v be d(4). What is the remainder when 90 is divided by 84/(-8)*v + 2?
21
Let z(h) = h + 41. Let p be z(-17). Suppose -m - 7 + p = 0. Suppose 18 = -v + 4*v. What is the remainder when m is divided by v?
5
Suppose g + 16 = 2*t, 2*t - 21 = g + 5*t. Let l = 209 - 138. Calculate the remainder when l is divided by 0*(-4)/(-16) - g.
17
Let w(d) = -2*d**3 + 4*d**2 + 7*d + 6. What is the remainder when w(-3) is divided by 19?
18
Let w(y) = 15*y. Let r be w(4). Suppose j - 3*j + r = 0. What is the remainder when j is divided by 17?
13
Let a = 217 + -131. Calculate the remainder when a is divided by 18.
14
Let w be (-36)/(-7) + (-11)/77. Suppose -5*b - w*d + 97 = -3*d, 0 = 3*b - d - 56. What is the remainder when 132 is divided by b?
18
Suppose 3*q - 5 = -4*r, 9 = 3*q + 2*r + 2. Suppose q*b + 26 - 68 = 0. Calculate the remainder when 55 is divided by b.
13
Suppose 0 = -z - 2 - 2. Let d(x) = -x**2 - 4*x + 2. Let j be d(z). Suppose 2*n + j*b - 18 = 14, -5*n + b = -98. Calculate the remainder when 36 is divided by n.
17
Suppose -296 = -2*i + 4*o, -2*i = i + 2*o - 484. Let w = -81 + i. What is the remainder when w is divided by 13?
12
Suppose 546*p - 532*p - 21686 = 0. Calculate the remainder when p is divided by 16.
13
Let a(d) = -d**2 - 12*d + 5. Let w(g) = 3*g + 7. Let i be w(-6). Let k(b) = 9*b**3 - 2*b**2 - 2*b + 3. What is the remainder when k(2) is divided by a(i)?
15
Let b(t) = -20*t. Let q = 0 + -1. Let i be b(q). Suppose 3*v + 0*n = -n + 100, 3*n = v - i. What is the remainder when v is divided by 17?
15
Suppose -3*h + 5*d + 176 = 0, 2*h + 5*d = 171 - 12. Calculate the remainder when h is divided by 7.
4
Let m(c) = 19*c. Suppose 136*p - 48 = 132*p. What is the remainder when m(5) is divided by p?
11
Let p = 83 + -60. Let i = 30 - 43. Let q = i + 21. Calculate the remainder when p is divided by q.
7
Let o(h) = -h**2 + 27*h + 85. What is the remainder when o(22) is divided by 9?
6
Suppose -151*n + 156*n = 3*a + 43, 5*a = 3*n - 45. Suppose 0 = -m + 5 - 1. What is the remainder when n is divided by m?
1
Suppose 2*m + 3*g + 21 = 0, g = 5*m - 2*g. What is the remainder when (-2 - m)*(74 - -5) is divided by 20?
19
What is the remainder when 307 is divided by ((-8)/6)/((-2)/66)?
43
Suppose -42 = -36*b + 33*b. Let t(l) = 23*l + 1. Let r be t(2). Suppose -3*v + 28 + r = 0. Calculate the remainder when v is divided by b.
11
Let i = 114 - 65. What is the remainder when i is divided by 13?
10
Calculate the remainder when 82 is divided by (-3097)/(-171) - 2/18.
10
Let p = 42 - -11. Let d(m) = -m**2 + 7*m + 6. Let g(o) = -o**3 + 9*o**2 - o + 13. Let c be g(9). What is the remainder when p is divided by d(c)?
17
Let y(u) = -112*u - 360. What is the remainder when y(-4) is divided by 16?
8
Suppose 39*b - 40*b = -54. Suppose 12 = 2*h - h + o, 5*h - o = b. What is the remainder when 53 is divided by h?
9
Calculate the remainder when 92 is divided by (0 - -16)*(5 + 14/(-4)).
20
Suppose 9*b - 10 = -1. Let m(x) be the second derivative of 5*x**4/12 + x**3/3 - x**2/2 - x. Calculate the remainder when 11 is divided by m(b).
5
Let d(y) = 9*y - 26. Let g = -47 + 56. Calculate the remainder when d(g) is divided by 22.
11
Let b(v) = v**2 + 3*v + 37. Let s be b(0). Let q = s - 21. Calculate the remainder when q is divided by 6.
4
Let a = 325 - 203. Calculate the remainder when a is divided by 25.
22
Suppose 80*d - 75*d = 3*g + 1759, 4*d + 3*g - 1418 = 0. Calculate the remainder when d is divided by 92.
77
Let a(i) = i**3 - i + 58. Let f be a(0). Suppose 2*k + 26 - f = 0. What is the remainder when 41 is divided by k?
9
Suppose 2*s - 7 = -5*y, -s + 5*y + 17 = -9. Let r = 159 + -97. What is the remainder when r is divided by s?
7
Suppose 12*j - 246 = 162. What is the remainder when 337 is divided by j?
31
Suppose -10 = -i - 4*i. Suppose -3*x = -i*z - 38 - 12, -2*x - 2*z + 30 = 0. What is the remainder when 45 is divided by x?
13
Suppose 14*v - 56 = 10*v. What is the remainder when 86 is divided by v?
2
Let q = -3700 - -3723. What is the remainder when (1 + 0)*(1 + 88) is divided by q?
20
Let y = -2170 - -2294. What is the remainder when y is divided by 56?
12
Suppose 3*l - 1 = -4*i + 39, 0 = -2*l + 5*i + 42. Calculate the remainder when 44/(-66)*189/(-2) is divided by l.
15
Suppose 2*j + 80 = 3*c, 4*j = c - 46 - 134. Let g = j - -69. Let q = 165 - 74. What is the remainder when q is divided by g?
22
Let r(q) = 2*q**2 - 19*q + 55. Calculate the remainder when -1 - (-56 + 5 + -4) is divided by r(3).
6
Let b = 38 - -62. What is the remainder when b is divided by 22?
12
Calculate the remainder when 41 is divided by (3 - 2)*11*(-2)/(-2).
8
Let d be (3 - 1)/(-1) + 2. Suppose d = -5*j - 0*j + 95. Calculate the remainder when j is divided by 5.
4
Suppose -14*u - 218 + 442 = 0. Calculate the remainder when 412 is divided b